it of s(-2)?
2
What is the hundreds digit of (786/(-8))/((-30)/560)?
8
Let s(j) = j**3 + 50*j**2 + 135*j + 58. What is the tens digit of s(-44)?
3
Suppose 5*i = a + 2225, 0 = 36*i - 31*i - 3*a - 2235. What is the units digit of i?
4
What is the tens digit of -2 - (-72)/30 - (-56186)/10?
1
Let l(d) = -d + 5*d - 35 + 7. What is the tens digit of l(11)?
1
Let p = -12 + -42. Let y = 98 + p. Suppose -n + y = 3*n. What is the tens digit of n?
1
Suppose 162*n = 158*n + 1992. What is the hundreds digit of n?
4
Suppose 0 = 5*u - 18 - 7. Let k be 44/u + (-4)/5. What is the units digit of 2 - -6*20/k?
7
Let m = 14 + -19. Let x(n) = -n - 3. What is the units digit of x(m)?
2
Let g(h) = -222*h - 763. What is the tens digit of g(-12)?
0
Suppose 8*b - 25021 + 10421 = 0. What is the thousands digit of b?
1
Suppose -2*q - 7*q = -6*q. Suppose 0*z = -3*f + 3*z + 126, q = 4*f - 3*z - 166. What is the units digit of f?
0
Let c = -582 - -4381. What is the hundreds digit of c?
7
Suppose -14*p + 28*p = 84686. What is the tens digit of p?
4
What is the tens digit of (9/((-225)/(-70)))/((-1)/(-1470))?
1
Let g(b) be the first derivative of -b**3/3 + 9*b**2/2 + 2*b - 8. Let z be g(6). Let y = z - 2. What is the tens digit of y?
1
What is the hundreds digit of ((1024/10)/1)/(20/100)?
5
Let g = 18366 + -13063. What is the thousands digit of g?
5
Suppose 4*r + 104 = 3*f, f + 19 = -r - 14. Let a = r - -47. Let b = 2 + a. What is the tens digit of b?
2
Suppose 5*f + 12 = -f. Let v = 40 - f. What is the tens digit of v?
4
Let f(z) = -8*z + 787*z**2 + 15 - 3*z - 786*z**2. Let h be f(10). Suppose h*b + 4 = 29. What is the units digit of b?
5
Let g be (-14)/((-125)/41 + 3). Suppose m = 3*l - g, 3*l - 2*m = -2*l + 479. Suppose w = 6*w - l. What is the units digit of w?
9
Suppose 2*m + 2*a = 4 + 4, 0 = 4*m + 2*a - 24. Let d = m + -6. What is the units digit of (-1)/(-1*d/4)?
2
Suppose 2*a + s = 4, -3*a + s + s = -6. Let b be 4/(-3)*2121/(-14). Suppose a*v + 249 = 5*n, -v - 2*v = -4*n + b. What is the units digit of n?
9
Suppose 35*k - 119937 + 31492 = 0. What is the units digit of k?
7
Suppose -7*l + 3*l - 8 = 0, 31 = 3*n + l. Suppose -5*t + 3 = -4*z - n, -3*t = 4*z - 2. What is the units digit of t?
2
Let k = -87 - -91. Suppose 252 = k*s + 2*b, -3*s + 343 = 5*b + 140. What is the units digit of s?
1
Let k(u) = 125*u + 1. What is the units digit of k(3)?
6
Suppose 5 + 25 = 3*r. Let o be -2*r*2/(-4). Suppose -3*u = 4*g - 77, 4*u - 5*g - o = 103. What is the tens digit of u?
2
Suppose -2*b - 1 + 5 = d, -2*b = -2*d + 20. Suppose 5*f - 39 = -2*v - 19, 5*v = -3*f + 31. Suppose v*z - d*z = -12. What is the units digit of z?
4
Let r be -2 + 1/(-4) + (-5256)/(-32). What is the units digit of r/5 + (-30)/75?
2
Let p(t) = -2*t**3 + 39*t**2 - 27*t + 54. What is the tens digit of p(16)?
1
Suppose 114 = 7*y + 2. What is the units digit of (-8)/(-3)*(43 - y)?
2
Suppose -16 = -3*z + 2*j, 10*z = 5*z + 4*j + 26. Suppose -190 = b - z*b. What is the units digit of b?
8
Let s(g) = 21*g + 59. What is the units digit of s(39)?
8
Let c(m) = -2*m - 2. Suppose -5*l = -10, -3*l = -3*i + 6*i. Let h be c(i). Suppose -3*b + h*j - 4*j + 20 = 0, 0 = 4*j + 20. What is the units digit of b?
0
Let u be (10 - 11)*(-2 - -2). Suppose u = -q + 6*k - 2*k + 48, 0 = 3*q + 4*k - 128. What is the units digit of q?
4
What is the units digit of (-50810)/(-8) - ((-145)/4)/(-29)?
0
Let l = -33 - -37. Suppose -4*g + 0*g = -20. Suppose -3*d = g*y - 71, -y + l*d = -1 - 4. What is the units digit of y?
3
Let h = 27 - -47. What is the tens digit of h?
7
Let d(b) = -b**3 + 8*b**2 + 3*b + 2. Suppose 4*p = a - 28, -4*p + 8 = -5*a + 68. Let o be d(a). Suppose 2*u - u = o. What is the tens digit of u?
2
Let d = -1336 + 6318. What is the hundreds digit of d?
9
Let v(i) be the third derivative of i**5/12 + i**4/8 + i**3/3 + 10*i**2. Let f be v(-1). What is the units digit of 6/f*-2*-1?
3
Let z(t) = -8*t - 26. Suppose 3*v - 4 = -v, 0 = -3*m + v - 31. What is the units digit of z(m)?
4
Suppose -2*g + 2*l + 32 = 0, 2*g - l + 3*l = 12. What is the tens digit of g?
1
Let w be 18/30 - (-12)/(-20). Suppose w = -3*q - q + 212. What is the tens digit of q?
5
Let g be 1/(-2) - 1/2. Let c(o) be the third derivative of 17*o**5/60 + o**4/24 + o**3/6 - 92*o**2. What is the tens digit of c(g)?
1
Let f be 6/(-81) - (-672)/324. Let c = 79 - -62. Suppose -5*r = -f*r - c. What is the units digit of r?
7
Let x(b) = -6*b - 20. Let f be x(-4). Let i be 1/(-2) + (-57)/(-6). Let z = i - f. What is the units digit of z?
5
Let j = 5981 - 2471. What is the tens digit of j?
1
Let u = 68 + -72. What is the tens digit of (u - 0)*(-110)/8?
5
Suppose -25*z - 1122 = -31*z. What is the tens digit of z?
8
Suppose 5*q - 15 = -0*g - 5*g, -4*q + 2*g + 24 = 0. Suppose -5*h + 1108 = -4*v + q*v, -h + v + 218 = 0. What is the tens digit of h?
2
Let b(t) = -10*t + 3. Let v(w) = -1. Let i(j) = b(j) + 4*v(j). What is the tens digit of i(-9)?
8
Let u = 483 + 4024. What is the units digit of u?
7
Suppose o = -8 + 6. Let i be 3 + -4 + 8 + o. Suppose 28 = r + j, -4*j = -3*j + i. What is the tens digit of r?
3
Suppose 0 = p - 2*c - 19 - 47, -5*c = p - 66. What is the units digit of -1 + 12/(-4) + p?
2
Let m(s) = -s**3 - 23*s**2 + 26*s + 52. Let v be m(-24). Let w(a) = 3*a**3 - 5*a**2 + 5*a + 4. What is the units digit of w(v)?
6
Suppose -63 = -5*d + d + 5*c, -5*d - c + 57 = 0. Suppose d*m - 676 = 212. What is the units digit of m?
4
Let b(a) = a**2 - 10*a + 6. Let y be b(11). Let i = 128 - y. What is the hundreds digit of i?
1
Suppose 29*z = 96568 - 9394. What is the hundreds digit of z?
0
Let q = 2444 + -1383. What is the thousands digit of q?
1
Suppose -3*b = -6*b + 507. Suppose -3*z - 25 = -b. Suppose -h - 3*h + z = 2*n, 0 = 5*h + 3*n - 58. What is the tens digit of h?
1
Let p(h) = -6*h - 13. Let q(u) = -14*u - 25. Let l(k) = -9*p(k) + 4*q(k). What is the tens digit of l(-23)?
6
Let m be (-1)/((-2)/(-4) - 1). Let h = 7 - m. Let f(x) = -x**3 + 5*x**2 + 8*x - 12. What is the units digit of f(h)?
8
Suppose 801 = -19*i + 4183. What is the hundreds digit of i?
1
Suppose -j + 4*h = -57, -5*j + 0*h = h - 369. Suppose -p - j = -2*p - 2*x, 2*p - 131 = -x. What is the units digit of p?
3
Let x(s) = -s**2 + 10. Let a(f) = -3*f**2 + 29. Let t(d) = -6*a(d) + 17*x(d). What is the tens digit of t(-6)?
3
Let c(m) = -527*m - 19. What is the hundreds digit of c(-4)?
0
Suppose 4*t = -13 + 401. Suppose -5*k + 83 = 3*v, 4*v - 2*k - t = v. Suppose 8*p - 3*p + 2*i = 37, 3*i - v = -4*p. What is the units digit of p?
7
Let y(g) = 2*g - 5 - g**3 + 2 - 7 + 6*g**2. Let b be y(6). Suppose 56 + 41 = b*h - i, -9 = -3*i. What is the tens digit of h?
5
What is the units digit of (2 + -7)/(3/(-267)) + 3?
8
Let o be (-3 - (2 + -4))*-20. Suppose -4 = -x + 2*w, 5*x - 5*w = -0 + o. Suppose x*m + u - 120 = 0, 5 = -2*u + 13. What is the units digit of m?
9
Let y = 3 - 1. Suppose -5*h + 3*s = -4, y*h - 2 = 3*h - 2*s. Suppose 0 = h*m - 5 - 3. What is the units digit of m?
4
Suppose 2*k = 2*s - 6 - 4, 4*k + 20 = -s. Suppose s = 3*n + 53 - 17. Let a = n - -16. What is the units digit of a?
4
Suppose 205924 = 64*j + 78564. What is the units digit of j?
0
Let c(v) = v**2 - 3*v + 11. Let k(s) = 0*s**3 - 7 - s**3 + 2*s**3 - 3*s**2 - 2*s**3 - 5*s. Let a be k(-3). What is the tens digit of c(a)?
5
Let y(m) = 2*m**3 - 20*m**2 + m - 11. Let i be y(10). What is the tens digit of i/(-5) - (-1792)/40?
4
Suppose 0 = 4*m - 3*m - 10. What is the tens digit of 20/4*m + 0?
5
Let h = -1674 - -4763. What is the hundreds digit of h?
0
Suppose 12*a + 2955 - 759 = 0. Let w = a + 382. What is the tens digit of w?
9
Suppose -x - z = -4, -4*z + 16 = 2*x - 0*z. Suppose -5*p - 4 + 39 = x. What is the units digit of p?
7
Suppose -5*r + 8*r = 270. Suppose -15*y = -10*y + r. Let p = y - -34. What is the units digit of p?
6
Let m(i) = -85*i - 35. What is the tens digit of m(-9)?
3
Let x(w) = -3*w - 50. Let b be x(-17). Suppose -4*q = b - 369. What is the tens digit of q?
9
Suppose -4*w + 40 = -8*w. Let u = -1 - w. What is the units digit of u?
9
Let u = 21 - 62. Let s = 222 + u. What is the units digit of s?
1
Suppose -w = -4 - 0. Suppose -3*t - 4*d + 55 = -5*d, -2*t + w*d = -50. What is the tens digit of t?
1
Let f be -4*((-4)/(4 - 2))/2. What is the u